{"id":7867,"date":"2025-10-06T17:19:05","date_gmt":"2025-10-06T14:19:05","guid":{"rendered":"https:\/\/eskamanyedek.com.tr\/urunler\/product\/51987010120-eksoz-manifold-segmani-man-tga-tgs-tgx\/"},"modified":"2025-10-06T17:19:06","modified_gmt":"2025-10-06T14:19:06","slug":"51987010120-eksoz-manifold-segmani-man-tga-tgs-tgx","status":"publish","type":"product","link":"https:\/\/eskamanyedek.com.tr\/urunler\/product\/51987010120-eksoz-manifold-segmani-man-tga-tgs-tgx\/","title":{"rendered":"51987010120 Eksoz Manifold Segman\u0131 MAN Tga-Tgs-Tgx"},"content":{"rendered":"<p>Oem No:<strong> 51987010120 <\/strong><\/p>\n<p>   Marka\/Model:<strong>  MAN Tga-Tgs-Tgx <\/strong><\/p>\n<p>   \u00dcr\u00fcn A\u00e7\u0131klamas\u0131:<strong> Eksoz Manifold Segman\u0131 <\/strong><\/p>\n","protected":false},"excerpt":{"rendered":"<p>Oem No:<strong> 51987010120 <\/strong><\/p>\n<p>   Marka\/Model:<strong>  MAN Tga-Tgs-Tgx <\/strong><\/p>\n<p>   \u00dcr\u00fcn A\u00e7\u0131klamas\u0131:<strong> Eksoz Manifold Segman\u0131 <\/strong><\/p>\n","protected":false},"featured_media":2832,"comment_status":"closed","ping_status":"closed","template":"","meta":[],"product_brand":[],"product_cat":[56],"product_tag":[],"class_list":{"0":"post-7867","1":"product","2":"type-product","3":"status-publish","4":"has-post-thumbnail","6":"product_cat-man","8":"first","9":"instock","10":"featured","11":"shipping-taxable","12":"product-type-simple"},"_links":{"self":[{"href":"https:\/\/eskamanyedek.com.tr\/urunler\/wp-json\/wp\/v2\/product\/7867","targetHints":{"allow":["GET"]}}],"collection":[{"href":"https:\/\/eskamanyedek.com.tr\/urunler\/wp-json\/wp\/v2\/product"}],"about":[{"href":"https:\/\/eskamanyedek.com.tr\/urunler\/wp-json\/wp\/v2\/types\/product"}],"replies":[{"embeddable":true,"href":"https:\/\/eskamanyedek.com.tr\/urunler\/wp-json\/wp\/v2\/comments?post=7867"}],"wp:featuredmedia":[{"embeddable":true,"href":"https:\/\/eskamanyedek.com.tr\/urunler\/wp-json\/wp\/v2\/media\/2832"}],"wp:attachment":[{"href":"https:\/\/eskamanyedek.com.tr\/urunler\/wp-json\/wp\/v2\/media?parent=7867"}],"wp:term":[{"taxonomy":"product_brand","embeddable":true,"href":"https:\/\/eskamanyedek.com.tr\/urunler\/wp-json\/wp\/v2\/product_brand?post=7867"},{"taxonomy":"product_cat","embeddable":true,"href":"https:\/\/eskamanyedek.com.tr\/urunler\/wp-json\/wp\/v2\/product_cat?post=7867"},{"taxonomy":"product_tag","embeddable":true,"href":"https:\/\/eskamanyedek.com.tr\/urunler\/wp-json\/wp\/v2\/product_tag?post=7867"}],"curies":[{"name":"wp","href":"https:\/\/api.w.org\/{rel}","templated":true}]}}